-2*y + 2*i = -g, 2*y - i - 28 + 0 = 0. What is the remainder when 20 is divided by y?
8
Suppose -33*y = -42*y + 162. Calculate the remainder when (33/(-9))/((-3)/27) is divided by y.
15
Suppose -95 - 81 - 34 = -2*h. What is the remainder when h is divided by 100?
5
Let g(v) = v**2 + 6*v - 34. What is the remainder when (-164)/902 + (-1676)/(-22) is divided by g(-11)?
13
Suppose -x = 2*t - 239, 0 = -14*x + 13*x - 5*t + 236. What is the remainder when x is divided by 48?
1
Let r(p) = 3*p**3 - 122*p**2 - 39*p - 57. Calculate the remainder when 619 is divided by r(41).
19
Let a(l) = -l**3 + 9*l**2 + 14*l - 11. Let n be a(8). Suppose 0 = 12*g - n + 21. Calculate the remainder when g is divided by 3.
0
Let g(t) = -t + 1. Let s be g(1). Suppose -z + 44 = -s*z + n, -3*z - 5*n + 138 = 0. What is the remainder when -98*(4 - 6) + (-204 - -212) is divided by z?
40
Suppose -4*h + 8 = -12. Suppose -6*v + 9*v - 4*s - 187 = 0, v - h*s - 77 = 0. Calculate the remainder when v is divided by 24.
9
Suppose 2*z = -3*b + 30, 4*b + 0*z = 2*z + 54. Calculate the remainder when 5 + (3 - 8) + 57 is divided by b.
9
Let l(p) = 103*p + 7543. What is the remainder when 285 is divided by l(-73)?
21
Suppose -8 = -82*t + 78*t, -4*t - 260 = -2*z. What is the remainder when z is divided by 42?
8
Let c = 909 - 494. Let p(x) = -8*x + 94. Let f be p(11). Suppose 3*g + 4*y = 278, f*g - g - c = 3*y. What is the remainder when g is divided by 13?
8
Suppose 0*q - 2*q - 10 = 0, 2*q + 19 = -a. Let b be 114/27 - -1*2/a. Suppose 0 = -4*s + d + 10, -b*s = -2*d - 8. What is the remainder when s is divided by 3?
0
Suppose 432 = 15*x - 3*x. Suppose -20*w + x = -16*w. What is the remainder when w is divided by 4?
1
Let f = -139 + 196. Let k = f - -306. What is the remainder when k is divided by 61?
58
What is the remainder when (-36 - -270) + (1 - 2/2) is divided by 56?
10
Let d be (-1 - 26)*232/(-522). Let w = 16 + 4. Let y = d + w. What is the remainder when 158 is divided by y?
30
What is the remainder when (780/182)/((-10)/(-28)) - -1663 is divided by 129?
127
Suppose -2*h = -3*c + 1, -2*c + 4*h = -h + 3. Let u be 7 - 3/1 - c. Calculate the remainder when 200 is divided by 2*(u - (-2 - 12)).
30
Let g(x) = -5*x**2 + 32*x - 56. Let m be g(8). Let q = -107 + 234. What is the remainder when q is divided by (m/(-9))/((-40)/(-96))?
31
Suppose 52*a + 135*a - 2568 = 4164. What is the remainder when 1423 is divided by a?
19
Suppose t = c - 45, -2*c + 79 = 4*t - 23. Let a = 2646 - 2587. What is the remainder when a is divided by c?
12
Suppose 2*h + 101 = t, -3*h + 393 = 10*t - 6*t. Calculate the remainder when t is divided by 50.
49
Let i = -147 - -143. Let p be (-24)/(i - -8) + (2 - 4). Calculate the remainder when (765/(-102))/(1/p - 0) is divided by 16.
12
Suppose -4 + 12 = 4*j. Let g be (-76)/(-8) + 2 + (-1)/j. Suppose 2*d + g - 4 = -3*h, -5*h = -3*d - 20. Calculate the remainder when 5 is divided by h.
0
Suppose 6*q + 120 = q. Let w = q - -37. What is the remainder when w is divided by (-1)/((16/(-5) - -3)/1)?
3
Suppose -7*r + 0*r = 385. Let g = 68 + r. Calculate the remainder when 6/(-24) + (-514)/(-8) is divided by g.
12
Suppose -5 = -5*a, -32 = -b - 4*a + 186. Calculate the remainder when b is divided by 131.
83
Suppose -8*v + 999 - 167 = 0. What is the remainder when v is divided by 9?
5
Let f be 5/(25/(-20)) - 0 - -34. Suppose -k = d + k - 16, -3*k = -3*d + f. What is the remainder when 33 is divided by d?
9
Let h be ((-9966)/12)/11 + 1/(-2). Let l = h - -146. What is the remainder when l is divided by 25?
20
Let n = 1462 - 1213. Calculate the remainder when n is divided by 11.
7
Suppose 0 = 9*n - 231*n + 888. Calculate the remainder when 1676 is divided by n.
0
Let m(d) = -d + 19. Let r be ((0/(-4))/4)/(-1). Let l be m(r). Calculate the remainder when (-1 + 0)/(-1) + l is divided by 9.
2
Suppose -128*z + 1790 + 4098 = 0. What is the remainder when 198 is divided by z?
14
Suppose -9*k = -11*k - 10, -n - k = -580. Calculate the remainder when n is divided by 121.
101
Let l(r) = 12*r**2 + r + 1. Let v = 96830 + -96689. What is the remainder when v is divided by l(-1)?
9
Let a be 2 + (-24)/15 + (-408)/(-30). Let t(w) = -a*w + 6*w + 15 + 5. What is the remainder when t(-9) is divided by 16?
12
Suppose -30*c - 5*o + 14 = -27*c, -4*c - 3*o + 26 = 0. What is the remainder when 21*2*c/((-160)/(-30)) is divided by 10?
3
Suppose 7 - 2 = v, 5*c + 2*v + 10 = 0. What is the remainder when c/50 - 14712/(-150) is divided by 33?
32
Suppose 6*i + 3*i = 99. Let u be (-60)/(-21) + (129/21 - 6). Suppose -4*x = 3*p - 125, -u*x = p + p - 84. What is the remainder when p is divided by i?
6
Suppose -6342 = -138*v + 131*v. Suppose 7*a = -521 + v. What is the remainder when a is divided by 26?
3
Let u(q) = -273*q**2 - 10*q + 10. Let z be u(1). Calculate the remainder when -4 - (z - -4 - 5) is divided by 21.
18
Suppose 5*t - 683 = -9*q, 226*t - 227*t - 3*q = -151. Suppose 0 = -5*u + 11 + 194. Calculate the remainder when t is divided by u.
33
Let c(a) = 7*a**2 - 4*a**2 - 12*a - 2*a**2 + 32. Let g be c(7). What is the remainder when 25 is divided by 8*3*g/27*-3?
1
Let k(s) = s**2 - 16*s + 3. Let u = 1689 + -1660. What is the remainder when k(20) is divided by u?
25
Let n = 62 - 249. Let b = 211 + n. Calculate the remainder when b is divided by 18.
6
Let w be 1 - ((-230)/2 + 7). Suppose 7*g - 193 + w = 0. What is the remainder when 153 is divided by g?
9
Suppose -649 = -5*k + 76. Suppose k = 6*y + 25. Calculate the remainder when 39 is divided by y.
19
Let k(d) = 2*d + 4. Let z be k(-2). Suppose -4*o + 118 + 2 = z. Let x = -5 + o. Calculate the remainder when x is divided by 13.
12
Let r(m) = 17*m**2 + 3*m + 1. Let v be r(-2). Let x = v + -48. Suppose -s = -1 - x. Calculate the remainder when 29 is divided by s.
13
Suppose -46 = -15*v + 5699. Calculate the remainder when v is divided by 134.
115
Let m be (1 - 10)*(-1)/3. Suppose m*u + 489 = 6*u. Suppose 2*a - a = 4*k + 53, -2*k - 211 = -5*a. What is the remainder when u is divided by a?
40
Suppose 113*b - 98*b - 915 = 0. What is the remainder when b is divided by 14?
5
Suppose -29*s = -4089 - 2320. What is the remainder when s is divided by 114?
107
Let b(d) = -d**3 + 8*d**2 + 6*d - 3. Let n be b(8). What is the remainder when 1220/n + 10/(-90) is divided by 8?
3
What is the remainder when 580 is divided by (50 + -48)*73/2?
69
Let p(h) = -38*h - 21. Let s be p(-10). Suppose 0 = 2*r - 4*k - 202, 0*r = 4*r + k - s. Let f = -85 + r. Calculate the remainder when 8 is divided by f.
2
Let u(m) = 9*m**2 - 14*m + 41. Calculate the remainder when 874 is divided by u(3).
74
Suppose -3*f - 1 = -0*o - o, 5*f = -o + 17. Suppose -8*v - 568 = -o*v. What is the remainder when 101 is divided by 3*(-6)/(-99) + v/(-22)?
23
Let j = -388 - -401. Calculate the remainder when 171 - (3 + 0/2) is divided by j.
12
Let i(q) = q**2 + 32*q + 63. Let z be i(-30). Suppose -3*c = -4*l + 230, 0 = z*l - 0*l + 3*c - 183. What is the remainder when 116 is divided by l?
57
Suppose 431 = 34*n - 113. Calculate the remainder when 488 is divided by n.
8
Let x(j) = 2*j**2 + 23*j + 42. Let h be x(-9). What is the remainder when 10 + 0*h/18 is divided by 2?
0
Let b(k) = 20*k - 83. Suppose 0 = -67*f + 71*f - 76. Calculate the remainder when b(f) is divided by 20.
17
Let y be (-7 - -9 - 6)/(6/(-1227)). Suppose -y*v + 1560 = -810*v. What is the remainder when v is divided by 14?
13
Suppose -3*j - 185 = -5*d, -3*j - 26 = -d - 1. Calculate the remainder when 287 is divided by d.
7
Let g = 3574 + -2885. Calculate the remainder when g is divided by 161.
45
Let v = 79 - 41. Suppose 7*g + 1323 + 224 = 0. Let d = 295 + g. Calculate the remainder when d is divided by v.
36
Let m(z) = -z**3 + 3. Suppose -40 = 5*q, -84*s = -79*s - 2*q - 56. Calculate the remainder when s is divided by m(0).
2
Let c = 39351 + -39314. Suppose -10 = 4*q + 14. Let y(f) = -24*f + 2. What is the remainder when y(q) is divided by c?
35
Calculate the remainder when 463 is divided by (96 + 2)/(84/18 - 4).
22
Let k(z) = 2*z + 18. Let p be k(-12). What is the remainder when p/(-42)*(255 - -4) is divided by 22?
15
Let p(l) = l**2 - 16*l + 206. What is the remainder when 451 is divided by p(6)?
13
Let n be 76/(-6)*(-42)/14. Suppose 3*i - 9 - 15 = 0